{"id":51,"date":"2014-08-13T22:25:46","date_gmt":"2014-08-13T20:25:46","guid":{"rendered":"http:\/\/www.igorplichta.sk\/?page_id=51"},"modified":"2014-08-15T12:43:24","modified_gmt":"2014-08-15T10:43:24","slug":"domov-2","status":"publish","type":"page","link":"https:\/\/www.igorplichta.sk\/","title":{"rendered":"Domov"},"content":{"rendered":"<h2 class=\"font_7\" style=\"color: #5a5959;\"><span style=\"color: #00bfa2;\">MORPZ: Mont\u00e1\u017ee, opravy a rev\u00edzie\u00a0<\/span><br \/>\n<span style=\"color: #00bfa2;\"> plynov\u00fdch zariaden\u00ed<\/span><\/h2>\n<p class=\"font_7\" style=\"color: #5a5959;\"><span style=\"color: #c0c0c0;\">Unik\u00e1 v\u00e1m v byte plyn? <\/span><br \/>\n<span style=\"color: #c0c0c0;\">Pokazil sa V\u00e1m plynov\u00fd alebo elektrick\u00fd spor\u00e1k?\u00a0<\/span><\/p>\n<p class=\"font_7\" style=\"color: #5a5959;\"><span style=\"color: #c0c0c0;\">Potrebujete nain\u0161talova\u0165 nov\u00fd spotrebi\u010d? <\/span><br \/>\n<span style=\"color: #c0c0c0;\">Radi V\u00e1m pom\u00f4\u017eeme.<\/span><\/p>\n<p class=\"font_7\" style=\"color: #5a5959;\"><span style=\"color: #c0c0c0;\">Z\u00e1rove\u0148 pon\u00fakame slu\u017eby odborn\u00fdch prehliadok<\/span><br \/>\n<span style=\"color: #c0c0c0;\"> a sk\u00fa\u0161ok plynov\u00fdch zariaden\u00ed.\u00a0<\/span><\/p>\n<h2 class=\"font_7\" style=\"color: #5a5959;\"><span style=\"font-weight: bold; color: #00bfa2;\">0903 450 097<\/span><\/h2>\n","protected":false},"excerpt":{"rendered":"<p>MORPZ: Mont\u00e1\u017ee, opravy a rev\u00edzie\u00a0 plynov\u00fdch zariaden\u00ed Unik\u00e1 v\u00e1m v byte plyn? Pokazil sa V\u00e1m plynov\u00fd alebo elektrick\u00fd spor\u00e1k?\u00a0 Potrebujete nain\u0161talova\u0165 nov\u00fd spotrebi\u010d? Radi V\u00e1m pom\u00f4\u017eeme. Z\u00e1rove\u0148 pon\u00fakame slu\u017eby odborn\u00fdch prehliadok a sk\u00fa\u0161ok plynov\u00fdch zariaden\u00ed.\u00a0 0903 450 097<\/p>\n","protected":false},"author":1,"featured_media":59,"parent":0,"menu_order":0,"comment_status":"open","ping_status":"open","template":"template-homepage.php","meta":{"footnotes":""},"class_list":["post-51","page","type-page","status-publish","has-post-thumbnail","hentry"],"_links":{"self":[{"href":"https:\/\/www.igorplichta.sk\/index.php?rest_route=\/wp\/v2\/pages\/51"}],"collection":[{"href":"https:\/\/www.igorplichta.sk\/index.php?rest_route=\/wp\/v2\/pages"}],"about":[{"href":"https:\/\/www.igorplichta.sk\/index.php?rest_route=\/wp\/v2\/types\/page"}],"author":[{"embeddable":true,"href":"https:\/\/www.igorplichta.sk\/index.php?rest_route=\/wp\/v2\/users\/1"}],"replies":[{"embeddable":true,"href":"https:\/\/www.igorplichta.sk\/index.php?rest_route=%2Fwp%2Fv2%2Fcomments&post=51"}],"version-history":[{"count":8,"href":"https:\/\/www.igorplichta.sk\/index.php?rest_route=\/wp\/v2\/pages\/51\/revisions"}],"predecessor-version":[{"id":137,"href":"https:\/\/www.igorplichta.sk\/index.php?rest_route=\/wp\/v2\/pages\/51\/revisions\/137"}],"wp:featuredmedia":[{"embeddable":true,"href":"https:\/\/www.igorplichta.sk\/index.php?rest_route=\/wp\/v2\/media\/59"}],"wp:attachment":[{"href":"https:\/\/www.igorplichta.sk\/index.php?rest_route=%2Fwp%2Fv2%2Fmedia&parent=51"}],"curies":[{"name":"wp","href":"https:\/\/api.w.org\/{rel}","templated":true}]}}